 by 271.
266
Calculate the remainder when 1760 is divided by 611.
538
What is the remainder when 4276 is divided by 1951?
374
What is the remainder when 30867 is divided by 30?
27
What is the remainder when 669 is divided by 121?
64
Calculate the remainder when 2727 is divided by 125.
102
What is the remainder when 9768 is divided by 1981?
1844
Calculate the remainder when 13372 is divided by 147.
142
What is the remainder when 752592 is divided by 52?
48
What is the remainder when 30744 is divided by 2794?
10
Calculate the remainder when 115691 is divided by 123.
71
Calculate the remainder when 1707 is divided by 280.
27
What is the remainder when 71406 is divided by 1936?
1710
Calculate the remainder when 775737 is divided by 42.
39
What is the remainder when 353707 is divided by 3401?
3
Calculate the remainder when 4705 is divided by 2275.
155
Calculate the remainder when 68891 is divided by 650.
641
What is the remainder when 1681 is divided by 446?
343
What is the remainder when 1844 is divided by 882?
80
What is the remainder when 1864 is divided by 486?
406
Calculate the remainder when 184239 is divided by 414.
9
What is the remainder when 629550 is divided by 79?
78
What is the remainder when 11876 is divided by 349?
10
Calculate the remainder when 33262 is divided by 53.
31
What is the remainder when 19145 is divided by 186?
173
Calculate the remainder when 1317 is divided by 187.
8
Calculate the remainder when 24669 is divided by 271.
8
Calculate the remainder when 20699 is divided by 137.
12
Calculate the remainder when 15450 is divided by 3840.
90
Calculate the remainder when 9121 is divided by 841.
711
What is the remainder when 12325 is divided by 535?
20
What is the remainder when 51061 is divided by 11?
10
What is the remainder when 56512 is divided by 9418?
4
What is the remainder when 9838 is divided by 868?
290
Calculate the remainder when 38517 is divided by 1014.
999
What is the remainder when 865 is divided by 377?
111
What is the remainder when 15048 is divided by 13?
7
Calculate the remainder when 97465 is divided by 2376.
49
What is the remainder when 8630 is divided by 21?
20
What is the remainder when 6392 is divided by 792?
56
Calculate the remainder when 609463 is divided by 29.
28
What is the remainder when 426786 is divided by 139?
56
What is the remainder when 33690 is divided by 48?
42
What is the remainder when 10858 is divided by 143?
133
Calculate the remainder when 183570 is divided by 61177.
39
Calculate the remainder when 7374 is divided by 2432.
78
What is the remainder when 148302 is divided by 165?
132
What is the remainder when 20897 is divided by 271?
30
Calculate the remainder when 14074 is divided by 53.
29
What is the remainder when 24636 is divided by 1449?
3
Calculate the remainder when 578274 is divided by 27.
15
What is the remainder when 7367 is divided by 919?
15
Calculate the remainder when 167649 is divided by 479.
478
Calculate the remainder when 11210 is divided by 622.
14
Calculate the remainder when 67512 is divided by 3548.
100
What is the remainder when 4488 is divided by 681?
402
Calculate the remainder when 54633 is divided by 223.
221
What is the remainder when 56741 is divided by 193?
192
What is the remainder when 3220 is divided by 333?
223
Calculate the remainder when 110812 is divided by 8.
4
Calculate the remainder when 51315 is divided by 4664.
11
What is the remainder when 5098 is divided by 242?
16
Calculate the remainder when 95937 is divided by 36.
33
What is the remainder when 8437 is divided by 108?
13
What is the remainder when 35570 is divided by 42?
38
What is the remainder when 7484 is divided by 84?
8
What is the remainder when 129259 is divided by 4167?
82
What is the remainder when 2605 is divided by 60?
25
What is the remainder when 63304 is divided by 80?
24
What is the remainder when 55708 is divided by 16?
12
What is the remainder when 146449 is divided by 725?
724
Calculate the remainder when 235101 is divided by 47014.
31
What is the remainder when 678634 is divided by 169652?
26
What is the remainder when 9414 is divided by 629?
608
Calculate the remainder when 9950 is divided by 1007.
887
Calculate the remainder when 1954146 is divided by 17.
13
What is the remainder when 613 is divided by 44?
41
What is the remainder when 24087 is divided by 39?
24
What is the remainder when 827169 is divided by 275722?
3
What is the remainder when 71655 is divided by 23870?
45
Calculate the remainder when 346 is divided by 207.
139
What is the remainder when 3556 is divided by 118?
16
Calculate the remainder when 2876 is divided by 479.
2
Calculate the remainder when 2081 is divided by 454.
265
What is the remainder when 210462 is divided by 209?
208
What is the remainder when 100316 is divided by 240?
236
Calculate the remainder when 38892 is divided by 41.
24
Calculate the remainder when 47694 is divided by 11917.
26
Calculate the remainder when 164119 is divided by 1292.
35
Calculate the remainder when 7510 is divided by 3750.
10
What is the remainder when 350052 is divided by 493?
22
What is the remainder when 21787 is divided by 32?
27
Calculate the remainder when 3170814 is divided by 9.
6
Calculate the remainder when 3196 is divided by 363.
292
Calculate the remainder when 34964 is divided by 240.
164
What is the remainder when 319864 is divided by 665?
664
What is the remainder when 216318 is divided by 1195?
23
Calculate the remainder when 20611 is divided by 686.
31
Calculate the remainder when 1896 is divided by 59.
8
Calculate the remainder when 72637 is divided by 24184.
85
What is the remainder when 14221 is divided by 7?
4
What is the remainder when 9297 is divided by 106?
75
What is the remainder when 2415 is divided by 408?
375
Calculate the remainder when 39791 is divided by 343.
3
Calculate the remainder when 22866 is divided by 588.
522
Calculate the remainder when 41722 is divided by 39.
31
What is the remainder when 45022 is divided by 21?
19
Calculate the remainder when 7454 is divided by 6717.
737
Calculate the remainder when 233254 is divided by 8.
6
Calculate the remainder when 200584 is divided by 521.
520
Calculate the remainder when 798964 is divided by 153.
151
Calculate the remainder when 3145829 is divided by 13.
11
What is the remainder when 91948 is divided by 13?
12
Calculate the remainder when 10978942 is divided by 71.
70
Calculate the remainder when 44833 is divided by 1603.
1552
What is the remainder when 20309 is divided by 6605?
494
Calculate the remainder when 16935 is divided by 16914.
21
Calculate the remainder when 10556 is divided by 35.
21
Calculate the remainder when 172569 is divided by 3922.
1
Calculate the remainder when 476157 is divided by 48.
45
Calculate the remainder when 13082 is divided by 61.
28
Calculate the remainder when 19901 is divided by 343.
7
Calculate the remainder when 9727 is divided by 196.
123
What is the remainder when 912 is divided by 136?
96
Calculate the remainder when 11645 is divided by 1936.
29
What is the remainder when 7893 is divided by 2627?
12
What is the remainder when 298293 is divided by 317?
313
Calculate the remainder when 1728 is divided by 159.
138
Calculate the remainder when 4792 is divided by 4722.
70
What is the remainder when 44883 is divided by 44832?
51
What is the remainder when 802 is divided by 91?
74
Calculate the remainder when 74238 is divided by 29.
27
Calculate the remainder when 69663 is divided by 23221.
0
Calculate the remainder when 3535 is divided by 94.
57
What is the remainder when 27514 is divided by 156?
58
Calculate the remainder when 1631 is divided by 194.
79
What is the remainder when 112523 is divided by 14062?
27
What is the remainder when 1860 is divided by 35?
5
Calculate the remainder when 23883 is divided by 97.
21
Calculate the remainder when 11990 is divided by 2973.
98
Calculate the remainder when 1619 is divided by 802.
15
Calculate the remainder when 453167 is divided by 437.
435
What is the remainder when 123458 is divided by 20575?
8
What is the remainder when 246206 is divided by 1009?
10
What is the remainder when 33475 is divided by 9?
4
Calculate the remainder when 4158907 is divided by 17.
10
What is the remainder when 39405 is